{"id":2736,"date":"2026-03-14T08:33:09","date_gmt":"2026-03-14T06:33:09","guid":{"rendered":"https:\/\/www.asv-schierstein.de\/?page_id=2736"},"modified":"2026-03-14T10:09:29","modified_gmt":"2026-03-14T08:09:29","slug":"datenschutzerklaerung","status":"publish","type":"page","link":"https:\/\/www.asv-schierstein.de\/?page_id=2736","title":{"rendered":"Datenschutzerkl\u00e4rung"},"content":{"rendered":"\n<p class=\"has-black-color has-text-color has-link-color wp-elements-ea0b361eafe2463b139b58e86e2f7213\" style=\"font-size:20px\"><strong><em>1. Datenschutz auf einen Blick<\/em><\/strong><\/p>\n\n\n\n<p class=\"has-black-color has-text-color has-link-color wp-elements-e9c395642d90af6dac7d0c4bd7cd7f4d\" style=\"font-size:20px\">Der Schutz Ihrer pers\u00f6nlichen Daten ist uns ein wichtiges Anliegen. Personenbezogene Daten werden auf dieser Website nur im technisch notwendigen Umfang erhoben. Eine Weitergabe an Dritte erfolgt nicht ohne Ihre ausdr\u00fcckliche Zustimmung.<\/p>\n\n\n\n<p class=\"has-black-color has-text-color has-link-color wp-elements-03e6fbd3f031488892f92248385142ab\" style=\"font-size:20px\"><strong><em>2. Verantwortlicher f\u00fcr die Datenverarbeitung<\/em><\/strong><\/p>\n\n\n\n<p class=\"has-black-color has-text-color has-link-color wp-elements-4563467812f449a7ad60cf05b7482b11\" style=\"font-size:20px\">Angelsportverein Schierstein 1978 e. V.<\/p>\n\n\n\n<p class=\"has-black-color has-text-color has-link-color wp-elements-14e13ed4573f2b2721fbf05ec6bdc409\" style=\"font-size:20px\">Vertreten durch: Ralf Na\u00df<\/p>\n\n\n\n<p class=\"has-black-color has-text-color has-link-color wp-elements-eed18f76d112b59fbf505278c00e10f2\" style=\"font-size:20px\">Hafenweg 15<br \/>65201 Wiesbaden<\/p>\n\n\n\n<p class=\"has-black-color has-text-color has-link-color wp-elements-3cdecfd6c406d6c3273ead845baf92c5\" style=\"font-size:20px\">Telefon: +49 (0) 611 22127<br \/>E-Mail: ralf.nass@t-online.de<\/p>\n\n\n\n<p class=\"has-black-color has-text-color has-link-color wp-elements-2c768ac75793d9100c97f6900c8a206f\" style=\"font-size:20px\"><strong><em>3. Hosting und Server-Log-Dateien<\/em><\/strong><\/p>\n\n\n\n<p class=\"has-black-color has-text-color has-link-color wp-elements-bbc7e88e29045d7c1c111a83d402c036\" style=\"font-size:20px\">Der Provider der Website erhebt und speichert automatisch Informationen in sogenannten Server-Log-Dateien.<\/p>\n\n\n\n<p class=\"has-black-color has-text-color has-link-color wp-elements-eb4c719714ccf7a878e251938cb4cc60\" style=\"font-size:20px\">Erfasst werden k\u00f6nnen:<\/p>\n\n\n\n<ul style=\"font-size:20px\" class=\"wp-block-list has-black-color has-text-color has-link-color wp-elements-445cad23337dd8e100187d62e7b12ced\">\n<li>IP-Adresse<\/li>\n\n\n\n<li>Datum und Uhrzeit der Serveranfrage<\/li>\n\n\n\n<li>Browsertyp und Browserversion<\/li>\n\n\n\n<li>verwendetes Betriebssystem<\/li>\n\n\n\n<li>Referrer URL<\/li>\n\n\n\n<li>Hostname des zugreifenden Rechners<\/li>\n<\/ul>\n\n\n\n<p class=\"has-black-color has-text-color has-link-color wp-elements-4982a02326632dfc529b65ea83aed647\" style=\"font-size:20px\">Diese Daten dienen ausschlie\u00dflich der technischen \u00dcberwachung und Sicherheit der Website.<\/p>\n\n\n\n<p class=\"has-black-color has-text-color has-link-color wp-elements-78b867e185e60919ff938137473cc72a\" style=\"font-size:20px\">Rechtsgrundlage: Art. 6 Abs. 1 lit. f DSGVO.<\/p>\n\n\n\n<p class=\"has-black-color has-text-color has-link-color wp-elements-ca1ce8052bcb2add581f43f890648a82\" style=\"font-size:20px\"><strong><em>4. Kontaktformular<\/em><\/strong><\/p>\n\n\n\n<p class=\"has-black-color has-text-color has-link-color wp-elements-0c093157e6c686e22dc2832d9931172c\" style=\"font-size:20px\">Wenn Sie uns per Kontaktformular Anfragen zukommen lassen, werden Ihre Angaben aus dem Formular inklusive der von Ihnen dort angegebenen Kontaktdaten gespeichert, um Ihre Anfrage zu bearbeiten.<\/p>\n\n\n\n<p class=\"has-black-color has-text-color has-link-color wp-elements-99a89a5a911ec61137d0be287649e2cf\" style=\"font-size:20px\">Dies betrifft beispielsweise:<\/p>\n\n\n\n<ul style=\"font-size:20px\" class=\"wp-block-list has-black-color has-text-color has-link-color wp-elements-8aa1597b23fb2bf8d057f2c20ce06aaa\">\n<li class=\"has-black-color has-text-color has-link-color wp-elements-42a7f2467d3596dba0cc99957dfefea2\">Name<\/li>\n\n\n\n<li>E-Mail-Adresse<\/li>\n\n\n\n<li>Nachricht<\/li>\n<\/ul>\n\n\n\n<p class=\"has-black-color has-text-color has-link-color wp-elements-d98ed5d9302abed4f12932915855b357\" style=\"font-size:20px\">Die Daten werden nicht ohne Ihre Einwilligung weitergegeben.<\/p>\n\n\n\n<p class=\"has-black-color has-text-color has-link-color wp-elements-b6215b44d490c8412130e7d6fa168a0b\" style=\"font-size:20px\">Rechtsgrundlage: Art. 6 Abs. 1 lit. b DSGVO (Bearbeitung Ihrer Anfrage).<\/p>\n\n\n\n<p class=\"has-black-color has-text-color has-link-color wp-elements-cceb84f85342dea0898d35bd3459e0c6\" style=\"font-size:20px\"><strong><em>5. Kontaktaufnahme per E-Mail<\/em><\/strong><\/p>\n\n\n\n<p class=\"has-black-color has-text-color has-link-color wp-elements-82e19908de7d5ae810faa878da119c95\" style=\"font-size:20px\">Wenn Sie uns per E-Mail kontaktieren, werden Ihre Angaben inklusive der von Ihnen angegebenen Kontaktdaten zur Bearbeitung der Anfrage gespeichert.<\/p>\n\n\n\n<p class=\"has-black-color has-text-color has-link-color wp-elements-4776beb1b1ccb26c183be7539eb9401f\" style=\"font-size:20px\">Diese Daten werden ohne Ihre Einwilligung nicht weitergegeben.<\/p>\n\n\n\n<p class=\"has-black-color has-text-color has-link-color wp-elements-3fd653fa5eaa7a19105e78d6ebdc981f\" style=\"font-size:20px\"><strong><em>6. Cookies<\/em><\/strong><\/p>\n\n\n\n<p class=\"has-black-color has-text-color has-link-color wp-elements-25d5c278e9d025db6c528db3ec4059c6\" style=\"font-size:20px\">Unsere Website verwendet teilweise sogenannte Cookies.<\/p>\n\n\n\n<p class=\"has-black-color has-text-color has-link-color wp-elements-0d34c397633da1e9e68089a3a49f6083\" style=\"font-size:20px\">Cookies sind kleine Textdateien, die auf Ihrem Endger\u00e4t gespeichert werden und die Ihr Browser speichert.<\/p>\n\n\n\n<p class=\"has-black-color has-text-color has-link-color wp-elements-bbbb41e35bd7bfa7a98d396e4d6fe246\" style=\"font-size:20px\">Cookies dienen dazu:<\/p>\n\n\n\n<ul style=\"font-size:20px\" class=\"wp-block-list has-black-color has-text-color has-link-color wp-elements-bb18c1bcf328e4bc1555e0b40fd062d7\">\n<li>die Website benutzerfreundlicher zu machen<\/li>\n\n\n\n<li>bestimmte Funktionen bereitzustellen<\/li>\n\n\n\n<li>die Nutzung der Website zu analysieren<\/li>\n<\/ul>\n\n\n\n<p class=\"has-black-color has-text-color has-link-color wp-elements-cc211d8f4ce94c74cd94b9079b6fdf35\" style=\"font-size:20px\">Sie k\u00f6nnen Ihren Browser so einstellen, dass Sie \u00fcber das Setzen von Cookies informiert werden oder Cookies nur im Einzelfall erlauben.<\/p>\n\n\n\n<p class=\"has-black-color has-text-color has-link-color wp-elements-78b867e185e60919ff938137473cc72a\" style=\"font-size:20px\">Rechtsgrundlage: Art. 6 Abs. 1 lit. f DSGVO.<\/p>\n\n\n\n<p class=\"has-black-color has-text-color has-link-color wp-elements-a4e089fc9dda27e44f9304a15d63ab48\" style=\"font-size:20px\"><em><strong>7. Social Media<\/strong><\/em><\/p>\n\n\n\n<p class=\"has-black-color has-text-color has-link-color wp-elements-643052e492a2011f18795c51b8c869df\" style=\"font-size:20px\"><strong><em>Facebook<\/em><\/strong><\/p>\n\n\n\n<p class=\"has-black-color has-text-color has-link-color wp-elements-0cdcf4dcedf8b39b71a58e80613d1fc0\" style=\"font-size:20px\">Unsere Website verweist auf unsere Seite beim sozialen Netzwerk<\/p>\n\n\n\n<p class=\"has-black-color has-text-color has-link-color wp-elements-245bc1b2f33d2d0bba20c725b3bc06c5\" style=\"font-size:20px\">Facebook<\/p>\n\n\n\n<p class=\"has-black-color has-text-color has-link-color wp-elements-72dc987a971b92604e1df45c6b6b03d1\" style=\"font-size:20px\">Betreiber:&nbsp;Meta Platforms<\/p>\n\n\n\n<p class=\"has-black-color has-text-color has-link-color wp-elements-357a80141e8d511d984c7c3970700e03\" style=\"font-size:20px\">Wenn Sie unsere Facebook-Seite besuchen, gelten die Datenschutzbestimmungen von Facebook.<\/p>\n\n\n\n<p class=\"has-black-color has-text-color has-link-color wp-elements-1d080b52cca99ca819081ec5408ab372\" style=\"font-size:20px\">Facebook kann Daten erfassen wie:<\/p>\n\n\n\n<ul style=\"font-size:20px\" class=\"wp-block-list has-black-color has-text-color has-link-color wp-elements-a0c9de0c658de862fec0cab60175adb7\">\n<li>IP-Adresse<\/li>\n\n\n\n<li>Nutzungsverhalten<\/li>\n\n\n\n<li>Interaktionen mit der Seite<\/li>\n<\/ul>\n\n\n\n<p class=\"has-black-color has-text-color has-link-color wp-elements-db4d5eec760cdf2be8a6356ecf8fa92b\" style=\"font-size:20px\">Weitere Informationen finden Sie in der Datenschutzerkl\u00e4rung von Facebook.<\/p>\n\n\n\n<p class=\"has-black-color has-text-color has-link-color wp-elements-ef78523f47e800818ce72bc9d4f6482b\" style=\"font-size:20px\"><strong><em>Instagram<\/em><\/strong><\/p>\n\n\n\n<p class=\"has-black-color has-text-color has-link-color wp-elements-9ff6fbebbebc5af19680ca6b25dda52e\" style=\"font-size:20px\">Unsere Website verweist auf unseren Auftritt bei<\/p>\n\n\n\n<p class=\"has-black-color has-text-color has-link-color wp-elements-1c2e68bd4b4e2c4f4ce2c00ebfaf9fc9\" style=\"font-size:20px\">Instagram<\/p>\n\n\n\n<p class=\"has-black-color has-text-color has-link-color wp-elements-72dc987a971b92604e1df45c6b6b03d1\" style=\"font-size:20px\">Betreiber:&nbsp;Meta Platforms<\/p>\n\n\n\n<p class=\"has-black-color has-text-color has-link-color wp-elements-684c206eec7c0676ac27676a8dde3f6a\" style=\"font-size:20px\">Beim Besuch unserer Instagram-Seite kann der Anbieter personenbezogene Daten der Nutzer verarbeiten.<\/p>\n\n\n\n<p class=\"has-black-color has-text-color has-link-color wp-elements-922d33f64ee209a4fb7282c02a3fa5ca\" style=\"font-size:20px\">Weitere Informationen finden Sie in der Datenschutzerkl\u00e4rung von Instagram.<\/p>\n\n\n\n<p class=\"has-black-color has-text-color has-link-color wp-elements-61ba66960c69943cb1019aa5ea64c254\" style=\"font-size:20px\"><strong><em>8. SSL- bzw. TLS-Verschl\u00fcsselung<\/em><\/strong><\/p>\n\n\n\n<p class=\"has-black-color has-text-color has-link-color wp-elements-2e6e40da4de1a07d81e867aef865edb5\" style=\"font-size:20px\">Diese Seite nutzt aus Sicherheitsgr\u00fcnden eine SSL- bzw. TLS-Verschl\u00fcsselung. Dadurch k\u00f6nnen Daten, die Sie an uns \u00fcbermitteln, nicht von Dritten mitgelesen werden.<\/p>\n\n\n\n<p class=\"has-black-color has-text-color has-link-color wp-elements-12cd64050492ccd4bb9a892be038c70b\" style=\"font-size:20px\"><strong><em>9. Ihre Rechte<\/em><\/strong><\/p>\n\n\n\n<p class=\"has-black-color has-text-color has-link-color wp-elements-c212819d8cbe4c1aaccaac077ec2723e\" style=\"font-size:20px\">Sie haben jederzeit das Recht auf:<\/p>\n\n\n\n<ul style=\"font-size:20px\" class=\"wp-block-list has-black-color has-text-color has-link-color wp-elements-1f75e5ba1a146489ca98dc8a8b725696\">\n<li>Auskunft \u00fcber Ihre gespeicherten Daten<\/li>\n\n\n\n<li>Berichtigung falscher Daten<\/li>\n\n\n\n<li>L\u00f6schung Ihrer Daten<\/li>\n\n\n\n<li>Einschr\u00e4nkung der Verarbeitung<\/li>\n\n\n\n<li>Daten\u00fcbertragbarkeit<\/li>\n<\/ul>\n\n\n\n<p class=\"has-black-color has-text-color has-link-color wp-elements-39c7ccf286cd413eb271065026048190\" style=\"font-size:20px\"><\/p>\n\n\n\n<p class=\"has-black-color has-text-color has-link-color wp-elements-00e696689b5849c8cb9d367a70a0f48a\" style=\"font-size:20px\"><strong><em>10. Beschwerderecht<\/em><\/strong><\/p>\n\n\n\n<p class=\"has-black-color has-text-color has-link-color wp-elements-506c0aacc57f7358baf95d1a87e50e55\" style=\"font-size:20px\">Im Falle datenschutzrechtlicher Verst\u00f6\u00dfe steht Ihnen ein Beschwerderecht bei der zust\u00e4ndigen Aufsichtsbeh\u00f6rde zu.<\/p>\n\n\n\n<p class=\"has-black-color has-text-color has-link-color wp-elements-4d61dd0c23e947e39b2cce79ac157a97\" style=\"font-size:20px\">Zust\u00e4ndige Aufsichtsbeh\u00f6rde:<\/p>\n\n\n\n<p class=\"has-black-color has-text-color has-link-color wp-elements-8447478cbad1c1dae3d89b67787a6c1e\" style=\"font-size:20px\">Der Hessische Beauftragte f\u00fcr Datenschutz und Informationsfreiheit<\/p>\n\n\n\n<p class=\"has-black-color has-text-color has-link-color wp-elements-39c7ccf286cd413eb271065026048190\" style=\"font-size:20px\"><\/p>\n","protected":false},"excerpt":{"rendered":"<p>1. Datenschutz auf einen Blick Der Schutz Ihrer pers\u00f6nlichen Daten ist uns ein wichtiges Anliegen. [&hellip;]<\/p>\n","protected":false},"author":5,"featured_media":0,"parent":0,"menu_order":0,"comment_status":"closed","ping_status":"closed","template":"","meta":{"footnotes":""},"class_list":["post-2736","page","type-page","status-publish","hentry"],"_links":{"self":[{"href":"https:\/\/www.asv-schierstein.de\/index.php?rest_route=\/wp\/v2\/pages\/2736","targetHints":{"allow":["GET"]}}],"collection":[{"href":"https:\/\/www.asv-schierstein.de\/index.php?rest_route=\/wp\/v2\/pages"}],"about":[{"href":"https:\/\/www.asv-schierstein.de\/index.php?rest_route=\/wp\/v2\/types\/page"}],"author":[{"embeddable":true,"href":"https:\/\/www.asv-schierstein.de\/index.php?rest_route=\/wp\/v2\/users\/5"}],"replies":[{"embeddable":true,"href":"https:\/\/www.asv-schierstein.de\/index.php?rest_route=%2Fwp%2Fv2%2Fcomments&post=2736"}],"version-history":[{"count":11,"href":"https:\/\/www.asv-schierstein.de\/index.php?rest_route=\/wp\/v2\/pages\/2736\/revisions"}],"predecessor-version":[{"id":2926,"href":"https:\/\/www.asv-schierstein.de\/index.php?rest_route=\/wp\/v2\/pages\/2736\/revisions\/2926"}],"wp:attachment":[{"href":"https:\/\/www.asv-schierstein.de\/index.php?rest_route=%2Fwp%2Fv2%2Fmedia&parent=2736"}],"curies":[{"name":"wp","href":"https:\/\/api.w.org\/{rel}","templated":true}]}}

Datenschutzerklärung

<p class="has-black-color has-text-color has-link-color wp-elements-ea0b361eafe2463b139b58e86e2f7213" style="font-size:20px"><strong><em>1. Datenschutz auf einen Blick</em></strong></p>



<p class="has-black-color has-text-color has-link-color wp-elements-e9c395642d90af6dac7d0c4bd7cd7f4d" style="font-size:20px">Der Schutz Ihrer persönlichen Daten ist uns ein wichtiges Anliegen. Personenbezogene Daten werden auf dieser Website nur im technisch notwendigen Umfang erhoben. Eine Weitergabe an Dritte erfolgt nicht ohne Ihre ausdrückliche Zustimmung.</p>



<p class="has-black-color has-text-color has-link-color wp-elements-03e6fbd3f031488892f92248385142ab" style="font-size:20px"><strong><em>2. Verantwortlicher für die Datenverarbeitung</em></strong></p>



<p class="has-black-color has-text-color has-link-color wp-elements-4563467812f449a7ad60cf05b7482b11" style="font-size:20px">Angelsportverein Schierstein 1978 e. V.</p>



<p class="has-black-color has-text-color has-link-color wp-elements-14e13ed4573f2b2721fbf05ec6bdc409" style="font-size:20px">Vertreten durch: Ralf Naß</p>



<p class="has-black-color has-text-color has-link-color wp-elements-eed18f76d112b59fbf505278c00e10f2" style="font-size:20px">Hafenweg 15<br />65201 Wiesbaden</p>



<p class="has-black-color has-text-color has-link-color wp-elements-3cdecfd6c406d6c3273ead845baf92c5" style="font-size:20px">Telefon: +49 (0) 611 22127<br />E-Mail: ralf.nass@t-online.de</p>



<p class="has-black-color has-text-color has-link-color wp-elements-2c768ac75793d9100c97f6900c8a206f" style="font-size:20px"><strong><em>3. Hosting und Server-Log-Dateien</em></strong></p>



<p class="has-black-color has-text-color has-link-color wp-elements-bbc7e88e29045d7c1c111a83d402c036" style="font-size:20px">Der Provider der Website erhebt und speichert automatisch Informationen in sogenannten Server-Log-Dateien.</p>



<p class="has-black-color has-text-color has-link-color wp-elements-eb4c719714ccf7a878e251938cb4cc60" style="font-size:20px">Erfasst werden können:</p>



<ul style="font-size:20px" class="wp-block-list has-black-color has-text-color has-link-color wp-elements-445cad23337dd8e100187d62e7b12ced">
<li>IP-Adresse</li>



<li>Datum und Uhrzeit der Serveranfrage</li>



<li>Browsertyp und Browserversion</li>



<li>verwendetes Betriebssystem</li>



<li>Referrer URL</li>



<li>Hostname des zugreifenden Rechners</li>
</ul>



<p class="has-black-color has-text-color has-link-color wp-elements-4982a02326632dfc529b65ea83aed647" style="font-size:20px">Diese Daten dienen ausschließlich der technischen Überwachung und Sicherheit der Website.</p>



<p class="has-black-color has-text-color has-link-color wp-elements-78b867e185e60919ff938137473cc72a" style="font-size:20px">Rechtsgrundlage: Art. 6 Abs. 1 lit. f DSGVO.</p>



<p class="has-black-color has-text-color has-link-color wp-elements-ca1ce8052bcb2add581f43f890648a82" style="font-size:20px"><strong><em>4. Kontaktformular</em></strong></p>



<p class="has-black-color has-text-color has-link-color wp-elements-0c093157e6c686e22dc2832d9931172c" style="font-size:20px">Wenn Sie uns per Kontaktformular Anfragen zukommen lassen, werden Ihre Angaben aus dem Formular inklusive der von Ihnen dort angegebenen Kontaktdaten gespeichert, um Ihre Anfrage zu bearbeiten.</p>



<p class="has-black-color has-text-color has-link-color wp-elements-99a89a5a911ec61137d0be287649e2cf" style="font-size:20px">Dies betrifft beispielsweise:</p>



<ul style="font-size:20px" class="wp-block-list has-black-color has-text-color has-link-color wp-elements-8aa1597b23fb2bf8d057f2c20ce06aaa">
<li class="has-black-color has-text-color has-link-color wp-elements-42a7f2467d3596dba0cc99957dfefea2">Name</li>



<li>E-Mail-Adresse</li>



<li>Nachricht</li>
</ul>



<p class="has-black-color has-text-color has-link-color wp-elements-d98ed5d9302abed4f12932915855b357" style="font-size:20px">Die Daten werden nicht ohne Ihre Einwilligung weitergegeben.</p>



<p class="has-black-color has-text-color has-link-color wp-elements-b6215b44d490c8412130e7d6fa168a0b" style="font-size:20px">Rechtsgrundlage: Art. 6 Abs. 1 lit. b DSGVO (Bearbeitung Ihrer Anfrage).</p>



<p class="has-black-color has-text-color has-link-color wp-elements-cceb84f85342dea0898d35bd3459e0c6" style="font-size:20px"><strong><em>5. Kontaktaufnahme per E-Mail</em></strong></p>



<p class="has-black-color has-text-color has-link-color wp-elements-82e19908de7d5ae810faa878da119c95" style="font-size:20px">Wenn Sie uns per E-Mail kontaktieren, werden Ihre Angaben inklusive der von Ihnen angegebenen Kontaktdaten zur Bearbeitung der Anfrage gespeichert.</p>



<p class="has-black-color has-text-color has-link-color wp-elements-4776beb1b1ccb26c183be7539eb9401f" style="font-size:20px">Diese Daten werden ohne Ihre Einwilligung nicht weitergegeben.</p>



<p class="has-black-color has-text-color has-link-color wp-elements-3fd653fa5eaa7a19105e78d6ebdc981f" style="font-size:20px"><strong><em>6. Cookies</em></strong></p>



<p class="has-black-color has-text-color has-link-color wp-elements-25d5c278e9d025db6c528db3ec4059c6" style="font-size:20px">Unsere Website verwendet teilweise sogenannte Cookies.</p>



<p class="has-black-color has-text-color has-link-color wp-elements-0d34c397633da1e9e68089a3a49f6083" style="font-size:20px">Cookies sind kleine Textdateien, die auf Ihrem Endgerät gespeichert werden und die Ihr Browser speichert.</p>



<p class="has-black-color has-text-color has-link-color wp-elements-bbbb41e35bd7bfa7a98d396e4d6fe246" style="font-size:20px">Cookies dienen dazu:</p>



<ul style="font-size:20px" class="wp-block-list has-black-color has-text-color has-link-color wp-elements-bb18c1bcf328e4bc1555e0b40fd062d7">
<li>die Website benutzerfreundlicher zu machen</li>



<li>bestimmte Funktionen bereitzustellen</li>



<li>die Nutzung der Website zu analysieren</li>
</ul>



<p class="has-black-color has-text-color has-link-color wp-elements-cc211d8f4ce94c74cd94b9079b6fdf35" style="font-size:20px">Sie können Ihren Browser so einstellen, dass Sie über das Setzen von Cookies informiert werden oder Cookies nur im Einzelfall erlauben.</p>



<p class="has-black-color has-text-color has-link-color wp-elements-78b867e185e60919ff938137473cc72a" style="font-size:20px">Rechtsgrundlage: Art. 6 Abs. 1 lit. f DSGVO.</p>



<p class="has-black-color has-text-color has-link-color wp-elements-a4e089fc9dda27e44f9304a15d63ab48" style="font-size:20px"><em><strong>7. Social Media</strong></em></p>



<p class="has-black-color has-text-color has-link-color wp-elements-643052e492a2011f18795c51b8c869df" style="font-size:20px"><strong><em>Facebook</em></strong></p>



<p class="has-black-color has-text-color has-link-color wp-elements-0cdcf4dcedf8b39b71a58e80613d1fc0" style="font-size:20px">Unsere Website verweist auf unsere Seite beim sozialen Netzwerk</p>



<p class="has-black-color has-text-color has-link-color wp-elements-245bc1b2f33d2d0bba20c725b3bc06c5" style="font-size:20px">Facebook</p>



<p class="has-black-color has-text-color has-link-color wp-elements-72dc987a971b92604e1df45c6b6b03d1" style="font-size:20px">Betreiber:&nbsp;Meta Platforms</p>



<p class="has-black-color has-text-color has-link-color wp-elements-357a80141e8d511d984c7c3970700e03" style="font-size:20px">Wenn Sie unsere Facebook-Seite besuchen, gelten die Datenschutzbestimmungen von Facebook.</p>



<p class="has-black-color has-text-color has-link-color wp-elements-1d080b52cca99ca819081ec5408ab372" style="font-size:20px">Facebook kann Daten erfassen wie:</p>



<ul style="font-size:20px" class="wp-block-list has-black-color has-text-color has-link-color wp-elements-a0c9de0c658de862fec0cab60175adb7">
<li>IP-Adresse</li>



<li>Nutzungsverhalten</li>



<li>Interaktionen mit der Seite</li>
</ul>



<p class="has-black-color has-text-color has-link-color wp-elements-db4d5eec760cdf2be8a6356ecf8fa92b" style="font-size:20px">Weitere Informationen finden Sie in der Datenschutzerklärung von Facebook.</p>



<p class="has-black-color has-text-color has-link-color wp-elements-ef78523f47e800818ce72bc9d4f6482b" style="font-size:20px"><strong><em>Instagram</em></strong></p>



<p class="has-black-color has-text-color has-link-color wp-elements-9ff6fbebbebc5af19680ca6b25dda52e" style="font-size:20px">Unsere Website verweist auf unseren Auftritt bei</p>



<p class="has-black-color has-text-color has-link-color wp-elements-1c2e68bd4b4e2c4f4ce2c00ebfaf9fc9" style="font-size:20px">Instagram</p>



<p class="has-black-color has-text-color has-link-color wp-elements-72dc987a971b92604e1df45c6b6b03d1" style="font-size:20px">Betreiber:&nbsp;Meta Platforms</p>



<p class="has-black-color has-text-color has-link-color wp-elements-684c206eec7c0676ac27676a8dde3f6a" style="font-size:20px">Beim Besuch unserer Instagram-Seite kann der Anbieter personenbezogene Daten der Nutzer verarbeiten.</p>



<p class="has-black-color has-text-color has-link-color wp-elements-922d33f64ee209a4fb7282c02a3fa5ca" style="font-size:20px">Weitere Informationen finden Sie in der Datenschutzerklärung von Instagram.</p>



<p class="has-black-color has-text-color has-link-color wp-elements-61ba66960c69943cb1019aa5ea64c254" style="font-size:20px"><strong><em>8. SSL- bzw. TLS-Verschlüsselung</em></strong></p>



<p class="has-black-color has-text-color has-link-color wp-elements-2e6e40da4de1a07d81e867aef865edb5" style="font-size:20px">Diese Seite nutzt aus Sicherheitsgründen eine SSL- bzw. TLS-Verschlüsselung. Dadurch können Daten, die Sie an uns übermitteln, nicht von Dritten mitgelesen werden.</p>



<p class="has-black-color has-text-color has-link-color wp-elements-12cd64050492ccd4bb9a892be038c70b" style="font-size:20px"><strong><em>9. Ihre Rechte</em></strong></p>



<p class="has-black-color has-text-color has-link-color wp-elements-c212819d8cbe4c1aaccaac077ec2723e" style="font-size:20px">Sie haben jederzeit das Recht auf:</p>



<ul style="font-size:20px" class="wp-block-list has-black-color has-text-color has-link-color wp-elements-1f75e5ba1a146489ca98dc8a8b725696">
<li>Auskunft über Ihre gespeicherten Daten</li>



<li>Berichtigung falscher Daten</li>



<li>Löschung Ihrer Daten</li>



<li>Einschränkung der Verarbeitung</li>



<li>Datenübertragbarkeit</li>
</ul>



<p class="has-black-color has-text-color has-link-color wp-elements-39c7ccf286cd413eb271065026048190" style="font-size:20px"></p>



<p class="has-black-color has-text-color has-link-color wp-elements-00e696689b5849c8cb9d367a70a0f48a" style="font-size:20px"><strong><em>10. Beschwerderecht</em></strong></p>



<p class="has-black-color has-text-color has-link-color wp-elements-506c0aacc57f7358baf95d1a87e50e55" style="font-size:20px">Im Falle datenschutzrechtlicher Verstöße steht Ihnen ein Beschwerderecht bei der zuständigen Aufsichtsbehörde zu.</p>



<p class="has-black-color has-text-color has-link-color wp-elements-4d61dd0c23e947e39b2cce79ac157a97" style="font-size:20px">Zuständige Aufsichtsbehörde:</p>



<p class="has-black-color has-text-color has-link-color wp-elements-8447478cbad1c1dae3d89b67787a6c1e" style="font-size:20px">Der Hessische Beauftragte für Datenschutz und Informationsfreiheit</p>



<p class="has-black-color has-text-color has-link-color wp-elements-39c7ccf286cd413eb271065026048190" style="font-size:20px"></p>

<p>1. Datenschutz auf einen Blick Der Schutz Ihrer persönlichen Daten ist uns ein wichtiges Anliegen. [&hellip;]</p>
