{"id":3017,"date":"2026-03-15T23:21:36","date_gmt":"2026-03-15T21:21:36","guid":{"rendered":"https:\/\/www.asv-schierstein.de\/?page_id=3017"},"modified":"2026-03-15T23:21:39","modified_gmt":"2026-03-15T21:21:39","slug":"schonzeiten-und-entnahmemasse","status":"publish","type":"page","link":"https:\/\/www.asv-schierstein.de\/?page_id=3017","title":{"rendered":"Schonzeiten und Entnahmema\u00dfe"},"content":{"rendered":"\n<p class=\"has-black-color has-text-color has-link-color wp-elements-fb819613fb67aba586d74c7630cefa24\" style=\"font-size:20px\">Auszug aus der Hessischen Fischereiverordnung &#8211; HFischV<\/p>\n\n\n\n<h5 class=\"wp-block-heading has-black-color has-text-color has-link-color wp-elements-9d765ae831ce6504c59a621c2cce0069\" style=\"font-size:20px\">Verordnung \u00fcber die gute fachliche Praxis in der Fischerei und&nbsp;<br \/>den Schutz der Fische, die Fischerpr\u00fcfung, die Fischereiabgabe und die Hegegemeinschaften<br \/>(Hessische Fischereiverordnung &#8211; HFischV)<br \/>Vom 14. April 2023&nbsp;<\/h5>\n\n\n\n<h5 class=\"wp-block-heading has-black-color has-text-color has-link-color wp-elements-d1e94370f57be07d169bb57a38dda912\" style=\"font-size:20px\"> \u00a7&nbsp;2 Schonzeiten&nbsp;und Entnahmema\u00dfe<\/h5>\n\n\n\n<p class=\"has-black-color has-text-color has-link-color wp-elements-5ca5f2e08f5ff66def72ede2e2bff222\" style=\"font-size:20px\">(1) Es ist verboten, Tiere folgender Arten w\u00e4hrend der&nbsp;Schonzeit&nbsp;oder wenn ihre L\u00e4nge au\u00dferhalb des Entnahmema\u00dfes liegt zu fangen oder zu entnehmen:<\/p>\n\n\n\n<p class=\"has-black-color has-text-color has-link-color wp-elements-07eaec53e20db850409b504b2af0ce2e\" style=\"font-size:20px\"><strong>Fischart&nbsp;&nbsp;&nbsp;&nbsp;&nbsp;&nbsp;&nbsp;&nbsp;&nbsp;&nbsp; &nbsp; Schonzeit&nbsp;&nbsp;&nbsp;        &nbsp;&nbsp;&nbsp;    &nbsp;&nbsp; Ma\u00df in cm<\/strong><\/p>\n\n\n\n<p class=\"has-black-color has-text-color has-link-color wp-elements-08f3879864b00c8641ea4714a63772fc\" style=\"font-size:20px\">Aal&nbsp;&nbsp;&nbsp;&nbsp;&nbsp;&nbsp;&nbsp;&nbsp;&nbsp;&nbsp;&nbsp;&nbsp;&nbsp;&nbsp;&nbsp;&nbsp;&nbsp;&nbsp;&nbsp;&nbsp;&nbsp;&nbsp;15.9.-1.3&nbsp;&nbsp;&nbsp;&nbsp;&nbsp;&nbsp;&nbsp;&nbsp;&nbsp;&nbsp;&nbsp;&nbsp;&nbsp;&nbsp;&nbsp; 50 &#8211; 70<\/p>\n\n\n\n<p class=\"has-black-color has-text-color has-link-color wp-elements-dd8245ea5d1f824dd2d06e360b1a31f6\" style=\"font-size:20px\">\u00c4sche&nbsp; &nbsp;&nbsp;&nbsp;&nbsp;&nbsp;&nbsp;&nbsp;&nbsp;&nbsp;&nbsp;&nbsp;&nbsp;&nbsp;&nbsp; 1.3.-15.5&nbsp;&nbsp;&nbsp;&nbsp;&nbsp;&nbsp;&nbsp;&nbsp;&nbsp;&nbsp;&nbsp;&nbsp;&nbsp;&nbsp; 30 &#8211; 45<\/p>\n\n\n\n<p class=\"has-black-color has-text-color has-link-color wp-elements-e3985f91d1ef7d198e81fccf7ebbd5a8\" style=\"font-size:20px\">Forelle &nbsp;&nbsp;&nbsp;&nbsp;&nbsp;&nbsp;&nbsp;&nbsp;&nbsp;&nbsp;&nbsp;&nbsp;&nbsp; &nbsp;1.10.-31.3.&nbsp;&nbsp;&nbsp;&nbsp;&nbsp;&nbsp;&nbsp;&nbsp;&nbsp;  &nbsp;&nbsp;   25 &#8211; 60<\/p>\n\n\n\n<p class=\"has-black-color has-text-color has-link-color wp-elements-58d12e1cf4378dea5bfd5520802546aa\" style=\"font-size:20px\">Barbe&nbsp;&nbsp; &nbsp;&nbsp;&nbsp;&nbsp;&nbsp;&nbsp;&nbsp;&nbsp;&nbsp;&nbsp;&nbsp;&nbsp;&nbsp; 1.5.-30.6&nbsp;&nbsp;&nbsp;&nbsp;&nbsp;&nbsp;&nbsp;&nbsp;&nbsp;&nbsp;&nbsp;&nbsp;&nbsp;&nbsp;40 &#8211; 60<\/p>\n\n\n\n<p class=\"has-black-color has-text-color has-link-color wp-elements-51ffedc6379c9b9f850cdf00408aa386\" style=\"font-size:20px\">Hecht&nbsp;&nbsp;&nbsp;&nbsp;&nbsp;&nbsp;&nbsp;&nbsp;&nbsp;&nbsp;&nbsp;&nbsp;&nbsp;&nbsp;&nbsp;&nbsp;&nbsp; 1.2.-15.4&nbsp;&nbsp;&nbsp;&nbsp;&nbsp;&nbsp;&nbsp;&nbsp;&nbsp;&nbsp;&nbsp;&nbsp;&nbsp;&nbsp;&nbsp;50 &#8211; 90<\/p>\n\n\n\n<p class=\"has-black-color has-text-color has-link-color wp-elements-f407fdf05e30a4a56848e008ace1c7a2\" style=\"font-size:20px\">Karpfen&nbsp;&nbsp;&nbsp;&nbsp;&nbsp;&nbsp;&nbsp;&nbsp;&nbsp;&nbsp;&nbsp;&nbsp;&nbsp;  15.3.-31.5&nbsp;&nbsp;&nbsp;&nbsp;&nbsp;&nbsp;&nbsp;&nbsp;&nbsp;&nbsp;&nbsp;&nbsp; 45 &#8211; 60<\/p>\n\n\n\n<p class=\"has-black-color has-text-color has-link-color wp-elements-24da2cc6273dc91b3507cf6fe8e71a95\" style=\"font-size:20px\">Nase&nbsp;&nbsp;&nbsp;&nbsp;&nbsp;&nbsp;&nbsp;&nbsp;&nbsp;&nbsp;&nbsp;&nbsp;&nbsp;&nbsp;&nbsp;&nbsp;&nbsp;&nbsp;&nbsp;15.3.-30.4&nbsp;&nbsp;&nbsp;&nbsp;&nbsp;&nbsp;&nbsp;&nbsp;&nbsp;&nbsp;&nbsp; 25 &#8211; 40<\/p>\n\n\n\n<p class=\"has-black-color has-text-color has-link-color wp-elements-5b42ea3133f36d870008bf07b4e88f76\" style=\"font-size:20px\">Rotfeder&nbsp;&nbsp;&nbsp;&nbsp;&nbsp;&nbsp;&nbsp;&nbsp;&nbsp;&nbsp;&nbsp;&nbsp;  15.3.-31.5&nbsp;&nbsp;&nbsp;&nbsp;&nbsp;&nbsp;&nbsp;&nbsp;&nbsp;&nbsp;&nbsp;&nbsp; 20 &#8211; 30<\/p>\n\n\n\n<p class=\"has-black-color has-text-color has-link-color wp-elements-0e0f1546b3a909b7808ce290cac81965\" style=\"font-size:20px\">Schleie &nbsp;&nbsp;&nbsp;&nbsp;&nbsp;&nbsp;&nbsp;&nbsp;&nbsp;&nbsp;&nbsp;&nbsp;&nbsp;&nbsp;1.5.-30.6&nbsp;&nbsp;&nbsp;&nbsp;&nbsp;&nbsp;&nbsp;&nbsp;&nbsp;&nbsp;&nbsp;&nbsp;&nbsp;&nbsp; 25 &#8211; 45<\/p>\n\n\n\n<p class=\"has-black-color has-text-color has-link-color wp-elements-362869ef81452ac1725571da86a4dd9b\" style=\"font-size:20px\">Wels&nbsp;&nbsp;&nbsp;&nbsp;&nbsp;&nbsp;&nbsp;&nbsp;&nbsp;&nbsp;&nbsp; &nbsp;&nbsp;&nbsp;&nbsp;&nbsp;&nbsp;  &nbsp;&#8211;&nbsp;&nbsp;&nbsp;&nbsp;&nbsp;&nbsp;&nbsp;&nbsp;&nbsp;&nbsp;&nbsp;&nbsp;&nbsp;&nbsp;&nbsp;&nbsp;&nbsp;&nbsp;&nbsp;&nbsp;&nbsp;&nbsp;&nbsp;&nbsp;&nbsp;&nbsp; &#8211;<\/p>\n\n\n\n<p class=\"has-black-color has-text-color has-link-color wp-elements-d863d66f4c34430ee60dfc8b591155d1\" style=\"font-size:20px\">Zander &nbsp;&nbsp;&nbsp;&nbsp;&nbsp;&nbsp;&nbsp; &nbsp;&nbsp;&nbsp;&nbsp;&nbsp;&nbsp;&nbsp;&nbsp;&#8211;&nbsp;&nbsp;&nbsp;&nbsp;&nbsp;&nbsp;&nbsp;&nbsp;&nbsp;&nbsp;&nbsp;&nbsp;&nbsp;&nbsp;&nbsp;&nbsp;&nbsp;&nbsp;&nbsp;&nbsp;&nbsp;&nbsp; &nbsp;&nbsp; ab 50<\/p>\n\n\n\n<p class=\"has-black-color has-text-color has-link-color wp-elements-0e09b596a75cbba33cd571454da69a65\" style=\"font-size:20px\"><br \/>Das Entnahmema\u00df wird von der Spitze des Kopfes bis zum Ende der Schwanzflosse gemessen.<\/p>\n\n\n\n<p class=\"has-black-color has-text-color has-link-color wp-elements-d947a467cbca8762d530e5af8254c97a\" style=\"font-size:20px\">(2) Die obere Fischereibeh\u00f6rde kann Ausnahmen von Abs.&nbsp;1 sowie&nbsp;<a href=\"https:\/\/www.lareda.hessenrecht.hessen.de\/bshe\/document\/jlr-FischSchutzVHE2023pP1\/format\/xsl?oi=ghHAP8WXPm&amp;sourceP=%7B%22source%22%3A%22Link%22%7D\">\u00a7&nbsp;1<\/a>&nbsp;in Bezug auf eine Verk\u00fcrzung der&nbsp;Schonzeiten&nbsp;und Verringerung der Entnahmema\u00dfe zulassen, insbesondere<\/p>\n\n\n\n<p class=\"has-black-color has-text-color has-link-color wp-elements-9d767bd19efe06b7a53c751b6b3e338c\" style=\"font-size:20px\">1. zur Laich- und Laichfischgewinnung,<\/p>\n\n\n\n<p class=\"has-black-color has-text-color has-link-color wp-elements-32782d216050aeaeccb2c6ae519e0c4c\" style=\"font-size:20px\">2. zum Fischbestandsschutz durch Umsetzen von Fischen mit ganzj\u00e4hriger&nbsp;Schonzeit&nbsp;aus gesicherten Vorkommen in andere geeignete Gew\u00e4sser ihres nat\u00fcrlichen Verbreitungsgebietes,<\/p>\n\n\n\n<p class=\"has-black-color has-text-color has-link-color wp-elements-cf87c2d862064e2387dcde5eb5e7a5c3\" style=\"font-size:20px\">3. zur Regulierung einseitiger oder \u00fcberm\u00e4\u00dfig entwickelter Fischbest\u00e4nde,<\/p>\n\n\n\n<p class=\"has-black-color has-text-color has-link-color wp-elements-2cb97047992d35be1047349c9831dd39\" style=\"font-size:20px\">4. zur Sicherung der Berufsfischerei,<\/p>\n\n\n\n<p class=\"has-black-color has-text-color has-link-color wp-elements-f4d9aa30ad52211908072a02fecf0163\" style=\"font-size:20px\">5. zum Aufbau und zur Erhaltung von Fischbest\u00e4nden,<\/p>\n\n\n\n<p class=\"has-black-color has-text-color has-link-color wp-elements-5c60cc8c92a63e06af6f85496f1b588b\" style=\"font-size:20px\">6. zum notwendigen Fang von Fischen f\u00fcr Schadstoffuntersuchungen oder<\/p>\n\n\n\n<p class=\"has-black-color has-text-color has-link-color wp-elements-50504d558422fc2d73cfb4233d14f2af\" style=\"font-size:20px\">7. f\u00fcr Fischbestandsaufnahmen, Forschungs- und Lehrzwecke.<\/p>\n\n\n\n<p class=\"has-black-color has-text-color has-link-color wp-elements-628713b07de886f6a91d1e92f789a4fb\" style=\"font-size:20px\">Antr\u00e4ge auf Zulassung von Ausnahmen nach Satz&nbsp;1 sind fachlich zu begr\u00fcnden.<\/p>\n\n\n\n<p class=\"has-black-color has-text-color has-link-color wp-elements-a5d504db05a416f3c4e12b4b68f7b035\" style=\"font-size:20px\">(3) Fische, Rundm\u00e4uler, Krebse und Muscheln, die entgegen<\/p>\n\n\n\n<p class=\"has-black-color has-text-color has-link-color wp-elements-8f8487c759d93d474a82e06006ae9fae\" style=\"font-size:20px\">1.Abs.&nbsp;1 oder&nbsp;<a href=\"https:\/\/www.lareda.hessenrecht.hessen.de\/bshe\/document\/jlr-FischSchutzVHE2023pP1\/format\/xsl?oi=ghHAP8WXPm&amp;sourceP=%7B%22source%22%3A%22Link%22%7D\">\u00a7&nbsp;1<\/a>,<\/p>\n\n\n\n<p class=\"has-black-color has-text-color has-link-color wp-elements-a116943928fee400d15c0e30402bf8c9\" style=\"font-size:20px\">2. den Bestimmungen einer Verordnung \u00fcber einen Schonbezirk nach&nbsp;<a href=\"https:\/\/www.lareda.hessenrecht.hessen.de\/bshe\/document\/jlr-FischGHE2022pP40\/format\/xsl?oi=ghHAP8WXPm&amp;sourceP=%7B%22source%22%3A%22Link%22%7D\">\u00a7&nbsp;40 des Hessischen Fischereigesetzes<\/a>&nbsp;oder<\/p>\n\n\n\n<p class=\"has-black-color has-text-color has-link-color wp-elements-feb416dac5dbf2de6e585b782d4f9a2f\" style=\"font-size:20px\">3. einer Fangbeschr\u00e4nkung nach&nbsp;<a href=\"https:\/\/www.lareda.hessenrecht.hessen.de\/bshe\/document\/jlr-FischGHE2022pP16\/format\/xsl?oi=ghHAP8WXPm&amp;sourceP=%7B%22source%22%3A%22Link%22%7D\">\u00a7&nbsp;16 Abs.&nbsp;3 Nr.&nbsp;2 des Hessischen Fischereigesetzes<\/a><\/p>\n\n\n\n<p class=\"has-black-color has-text-color has-link-color wp-elements-37d8c5aff45fba22394f879f8425b660\" style=\"font-size:20px\">lebend dem Wasser entnommen werden, sind unverz\u00fcglich und mit der gebotenen Sorgfalt in das Fanggew\u00e4sser zur\u00fcckzusetzen. Muss mit \u00fcberwiegender Wahrscheinlichkeit mit ihrem Verenden gerechnet werden, sind sie unverz\u00fcglich zu t\u00f6ten und zu vergraben, sofern eine anderweitige Beseitigung nicht vorgeschrieben ist. Die Verpflichtung zum Vergraben gilt auch dann, wenn sie tot angelandet werden.<\/p>\n\n\n\n<p class=\"has-black-color has-text-color has-link-color wp-elements-70fbc578c1bcb8ae1f82b3d744ce221a\" style=\"font-size:20px\">(4) Eine Verk\u00fcrzung der&nbsp;Schonzeiten&nbsp;oder Verringerung der Entnahmema\u00dfe durch die Inhaberinnen und Inhaber des Fischereirechts sowie Fischereiaus\u00fcbungsberechtigten ist unzul\u00e4ssig. Bei Verl\u00e4ngerung der&nbsp;Schonzeitenoder Vergr\u00f6\u00dferung der Entnahmema\u00dfe durch die Inhaberinnen und Inhaber des Fischereirechts sowie Fischereiaus\u00fcbungsberechtigten ist das Verbot nach&nbsp;<a href=\"https:\/\/www.lareda.hessenrecht.hessen.de\/bshe\/document\/jlr-FischSchutzVHE2023pP14\/format\/xsl?oi=ghHAP8WXPm&amp;sourceP=%7B%22source%22%3A%22Link%22%7D\">\u00a7&nbsp;14<\/a>&nbsp;Abs.&nbsp;6 zu beachten.<\/p>\n","protected":false},"excerpt":{"rendered":"<p>Auszug aus der Hessischen Fischereiverordnung &#8211; HFischV Verordnung \u00fcber die gute fachliche Praxis in der [&hellip;]<\/p>\n","protected":false},"author":5,"featured_media":0,"parent":0,"menu_order":0,"comment_status":"closed","ping_status":"closed","template":"","meta":{"footnotes":""},"class_list":["post-3017","page","type-page","status-publish","hentry"],"_links":{"self":[{"href":"https:\/\/www.asv-schierstein.de\/index.php?rest_route=\/wp\/v2\/pages\/3017","targetHints":{"allow":["GET"]}}],"collection":[{"href":"https:\/\/www.asv-schierstein.de\/index.php?rest_route=\/wp\/v2\/pages"}],"about":[{"href":"https:\/\/www.asv-schierstein.de\/index.php?rest_route=\/wp\/v2\/types\/page"}],"author":[{"embeddable":true,"href":"https:\/\/www.asv-schierstein.de\/index.php?rest_route=\/wp\/v2\/users\/5"}],"replies":[{"embeddable":true,"href":"https:\/\/www.asv-schierstein.de\/index.php?rest_route=%2Fwp%2Fv2%2Fcomments&post=3017"}],"version-history":[{"count":1,"href":"https:\/\/www.asv-schierstein.de\/index.php?rest_route=\/wp\/v2\/pages\/3017\/revisions"}],"predecessor-version":[{"id":3020,"href":"https:\/\/www.asv-schierstein.de\/index.php?rest_route=\/wp\/v2\/pages\/3017\/revisions\/3020"}],"wp:attachment":[{"href":"https:\/\/www.asv-schierstein.de\/index.php?rest_route=%2Fwp%2Fv2%2Fmedia&parent=3017"}],"curies":[{"name":"wp","href":"https:\/\/api.w.org\/{rel}","templated":true}]}}