{"id":3046,"date":"2026-03-16T07:37:29","date_gmt":"2026-03-16T05:37:29","guid":{"rendered":"https:\/\/www.asv-schierstein.de\/?page_id=3046"},"modified":"2026-03-16T07:37:32","modified_gmt":"2026-03-16T05:37:32","slug":"jugendarbeit-im-angelverein","status":"publish","type":"page","link":"https:\/\/www.asv-schierstein.de\/?page_id=3046","title":{"rendered":"Jugendarbeit im Angelverein"},"content":{"rendered":"\n<p class=\"has-black-color has-text-color has-link-color wp-elements-ceb511d6a4eeef9fbf2b77a8ed4fe8ea\" style=\"font-size:20px\">Die Jugendarbeit im Angelsportverein Schierstein nimmt wieder Fahrt auf!&nbsp;<\/p>\n\n\n\n<p class=\"has-black-color has-text-color has-link-color wp-elements-f00c6c14bbf4b38ec294e8bf82fa20af\" style=\"font-size:20px\">Im Laufe der Angelsaison 2023 ist unsere Jugendgruppe durch Neuaufnahmen&nbsp;erfreulicherweise weiter angewachsen. Damit hat die Jugendgruppe momentan 10&nbsp;M\u00e4dchen und Jungen, &nbsp;die in die Angelsaison 2024 starten werden. &nbsp;<\/p>\n\n\n\n<p class=\"has-black-color has-text-color has-link-color wp-elements-effab1966228db5b2fe7cb7794095011\" style=\"font-size:20px\">Dass die Aktivit\u00e4ten der ASV-Jugendgruppe vielf\u00e4ltig sind, wie das Angelhobby an&nbsp;sich, das zeigen die neuen Ideen der Jugendbetreuer Billy und Frank &nbsp;auf. &nbsp;<\/p>\n\n\n\n<p class=\"has-black-color has-text-color has-link-color wp-elements-a251e81d3233cb9e659ebd355e4c455b\" style=\"font-size:20px\">Neben den klassischen gemeinsamen Jugendangeln Veranstaltungen, wird den&nbsp;jungen Anglern unter fachm\u00e4nnischer Anleitung und Begleitung das Angeln und die&nbsp;Fischwelt vermittelt, dazu geh\u00f6ren auch gemeinsame Veranstaltungen.&nbsp;<\/p>\n\n\n\n<p class=\"has-black-color has-text-color has-link-color wp-elements-e810a8bca2d6f4eadcc8818743f3748a\" style=\"font-size:20px\">Bei der Bundesweiten Aktion Catch &amp; Clean Day 2023 lernten die Kids bereits&nbsp;einiges \u00fcber den aktiven&nbsp;Natur- und Umweltschutz.&nbsp;<\/p>\n\n\n\n<p class=\"has-black-color has-text-color has-link-color wp-elements-f7c0571e15db33160270f926a886a5c4\" style=\"font-size:20px\">Nachdem der nicht selten anstrengende und aufwendige Teil des gemeinsamen&nbsp;M\u00fcllsammelns,&nbsp;<strong>,,<\/strong>Clean<strong>\u2018\u2018<\/strong>&nbsp;erledigt war, trafen sich die Kids zum gemeinsamen Fischen&nbsp;am Rhein (Flie\u00dfwasser),&nbsp;<strong>,,<\/strong>Catch<strong>\u2018\u2018&nbsp;<\/strong><\/p>\n\n\n\n<p class=\"has-black-color has-text-color has-link-color wp-elements-da81c47b80b2056c141077c9c89c4e2f\" style=\"font-size:20px\">So stand nicht nur die Arbeit und das Pflichtbewusstsein im Vordergrund, sondern&nbsp;auch der Spa\u00df und Freude am Fischen.&nbsp;<\/p>\n\n\n\n<p class=\"has-black-color has-text-color has-link-color wp-elements-cfcce0228e8905bd653ed7b9e3fa414a\" style=\"font-size:20px\">Mit Unterst\u00fctzung des ASV \u2013 Seerose konnte unsere Jugend bereits ihr erlerntes&nbsp;Wissen am Vereins &#8211; Angelteich (Stillwasser) mit gro\u00dfem Erfolg unter Beweis stellen.&nbsp;<\/p>\n\n\n\n<p class=\"has-black-color has-text-color has-link-color wp-elements-c17228fc892e3d63125a5a6d785d3a4e\" style=\"font-size:20px\">Wer Lust hat, mal in die Nachwuchsangler- Gruppe reinzuschnuppern, kann gerne&nbsp;unverbindlich sich an unseren Jugendbetreuer Billy: 0176 609 38 381 wenden. F\u00fcr&nbsp;die ersten Erfahrungen am Wasser stellen wir entsprechende Angelausr\u00fcstung zur&nbsp;Verf\u00fcgung. Nat\u00fcrlich sind all unsere Aktivit\u00e4ten kostenfrei.&nbsp;<\/p>\n\n\n\n<p class=\"has-black-color has-text-color has-link-color wp-elements-84985c7b72d804de07a34a4bc6b178e9\" style=\"font-size:20px\">Mit sportlichen Gru\u00df und Petri Heil&nbsp;<\/p>\n\n\n\n<p class=\"has-black-color has-text-color has-link-color wp-elements-02e6196fd07a233898ad8bdedbeb3f66\" style=\"font-size:20px\">Ralf Na\u00df&nbsp;<\/p>\n","protected":false},"excerpt":{"rendered":"<p>Die Jugendarbeit im Angelsportverein Schierstein nimmt wieder Fahrt auf!&nbsp; Im Laufe der Angelsaison 2023 ist [&hellip;]<\/p>\n","protected":false},"author":5,"featured_media":0,"parent":0,"menu_order":0,"comment_status":"closed","ping_status":"closed","template":"","meta":{"footnotes":""},"class_list":["post-3046","page","type-page","status-publish","hentry"],"_links":{"self":[{"href":"https:\/\/www.asv-schierstein.de\/index.php?rest_route=\/wp\/v2\/pages\/3046","targetHints":{"allow":["GET"]}}],"collection":[{"href":"https:\/\/www.asv-schierstein.de\/index.php?rest_route=\/wp\/v2\/pages"}],"about":[{"href":"https:\/\/www.asv-schierstein.de\/index.php?rest_route=\/wp\/v2\/types\/page"}],"author":[{"embeddable":true,"href":"https:\/\/www.asv-schierstein.de\/index.php?rest_route=\/wp\/v2\/users\/5"}],"replies":[{"embeddable":true,"href":"https:\/\/www.asv-schierstein.de\/index.php?rest_route=%2Fwp%2Fv2%2Fcomments&post=3046"}],"version-history":[{"count":1,"href":"https:\/\/www.asv-schierstein.de\/index.php?rest_route=\/wp\/v2\/pages\/3046\/revisions"}],"predecessor-version":[{"id":3049,"href":"https:\/\/www.asv-schierstein.de\/index.php?rest_route=\/wp\/v2\/pages\/3046\/revisions\/3049"}],"wp:attachment":[{"href":"https:\/\/www.asv-schierstein.de\/index.php?rest_route=%2Fwp%2Fv2%2Fmedia&parent=3046"}],"curies":[{"name":"wp","href":"https:\/\/api.w.org\/{rel}","templated":true}]}}

<p class="has-black-color has-text-color has-link-color wp-elements-ceb511d6a4eeef9fbf2b77a8ed4fe8ea" style="font-size:20px">Die Jugendarbeit im Angelsportverein Schierstein nimmt wieder Fahrt auf!&nbsp;</p>



<p class="has-black-color has-text-color has-link-color wp-elements-f00c6c14bbf4b38ec294e8bf82fa20af" style="font-size:20px">Im Laufe der Angelsaison 2023 ist unsere Jugendgruppe durch Neuaufnahmen&nbsp;erfreulicherweise weiter angewachsen. Damit hat die Jugendgruppe momentan 10&nbsp;Mädchen und Jungen, &nbsp;die in die Angelsaison 2024 starten werden. &nbsp;</p>



<p class="has-black-color has-text-color has-link-color wp-elements-effab1966228db5b2fe7cb7794095011" style="font-size:20px">Dass die Aktivitäten der ASV-Jugendgruppe vielfältig sind, wie das Angelhobby an&nbsp;sich, das zeigen die neuen Ideen der Jugendbetreuer Billy und Frank &nbsp;auf. &nbsp;</p>



<p class="has-black-color has-text-color has-link-color wp-elements-a251e81d3233cb9e659ebd355e4c455b" style="font-size:20px">Neben den klassischen gemeinsamen Jugendangeln Veranstaltungen, wird den&nbsp;jungen Anglern unter fachmännischer Anleitung und Begleitung das Angeln und die&nbsp;Fischwelt vermittelt, dazu gehören auch gemeinsame Veranstaltungen.&nbsp;</p>



<p class="has-black-color has-text-color has-link-color wp-elements-e810a8bca2d6f4eadcc8818743f3748a" style="font-size:20px">Bei der Bundesweiten Aktion Catch &amp; Clean Day 2023 lernten die Kids bereits&nbsp;einiges über den aktiven&nbsp;Natur- und Umweltschutz.&nbsp;</p>



<p class="has-black-color has-text-color has-link-color wp-elements-f7c0571e15db33160270f926a886a5c4" style="font-size:20px">Nachdem der nicht selten anstrengende und aufwendige Teil des gemeinsamen&nbsp;Müllsammelns,&nbsp;<strong>,,</strong>Clean<strong>‘‘</strong>&nbsp;erledigt war, trafen sich die Kids zum gemeinsamen Fischen&nbsp;am Rhein (Fließwasser),&nbsp;<strong>,,</strong>Catch<strong>‘‘&nbsp;</strong></p>



<p class="has-black-color has-text-color has-link-color wp-elements-da81c47b80b2056c141077c9c89c4e2f" style="font-size:20px">So stand nicht nur die Arbeit und das Pflichtbewusstsein im Vordergrund, sondern&nbsp;auch der Spaß und Freude am Fischen.&nbsp;</p>



<p class="has-black-color has-text-color has-link-color wp-elements-cfcce0228e8905bd653ed7b9e3fa414a" style="font-size:20px">Mit Unterstützung des ASV – Seerose konnte unsere Jugend bereits ihr erlerntes&nbsp;Wissen am Vereins &#8211; Angelteich (Stillwasser) mit großem Erfolg unter Beweis stellen.&nbsp;</p>



<p class="has-black-color has-text-color has-link-color wp-elements-c17228fc892e3d63125a5a6d785d3a4e" style="font-size:20px">Wer Lust hat, mal in die Nachwuchsangler- Gruppe reinzuschnuppern, kann gerne&nbsp;unverbindlich sich an unseren Jugendbetreuer Billy: 0176 609 38 381 wenden. Für&nbsp;die ersten Erfahrungen am Wasser stellen wir entsprechende Angelausrüstung zur&nbsp;Verfügung. Natürlich sind all unsere Aktivitäten kostenfrei.&nbsp;</p>



<p class="has-black-color has-text-color has-link-color wp-elements-84985c7b72d804de07a34a4bc6b178e9" style="font-size:20px">Mit sportlichen Gruß und Petri Heil&nbsp;</p>



<p class="has-black-color has-text-color has-link-color wp-elements-02e6196fd07a233898ad8bdedbeb3f66" style="font-size:20px">Ralf Naß&nbsp;</p>
